ird derivative of -y**9/12096 - y**8/20160 - y**5/15 - 2*y**2. Let r(h) be the third derivative of d(h). Determine r(-1).
4
Let h be (-3)/((-1)/(8/12)). Let g be (h/(-6))/((-1)/6). Let p(a) = -6*a + 3. What is p(g)?
-9
Let x(a) be the first derivative of -5*a**3/3 - a**2 + a - 60. Calculate x(1).
-6
Let c = 0 - 1. Let m(t) be the first derivative of -3 - t + t**2 - 4*t**2 + 0*t**2. What is m(c)?
5
Let n(p) = -2 - p**3 + 2 - 5*p**2 - 1. Suppose 0 = 3*h - 0 + 15. Determine n(h).
-1
Suppose 0 = 4*i, -i + 15 = 2*z + 3*z. Let b(d) = -z - 2 + 5*d - 4*d + 2. Determine b(5).
2
Let c = -205/3 + 69. Let k(f) be the third derivative of 0 + 0*f - 1/60*f**5 + c*f**3 + 2*f**2 - 1/24*f**4. Calculate k(3).
-8
Let n(o) be the third derivative of -o**4/24 - 5*o**3/6 - 6*o**2. Let u be n(-5). Let j(c) = -c**2 + c + 5. Give j(u).
5
Let h(x) be the second derivative of x - 1/2*x**2 - 1/6*x**3 + 0 + 1/12*x**4. Suppose -4*j = -5*j - 2*v + 2, 4*j + 4*v = 4. Determine h(j).
-1
Let t(f) be the second derivative of f + f**2 + 1/4*f**4 - 1/3*f**3 + 1/20*f**5 + 0. Calculate t(-4).
-6
Suppose 5 = 2*i - 3*i, 3*v = -4*i + 43. Suppose -2*q - q = 2*y - v, y + 5*q - 21 = 0. Let k(l) = -l**3 + 5*l**2 + 5*l. Give k(y).
-6
Suppose -h = -6*h + 15. Let f(v) = -v**2 - 4*v + 4*v**3 + 3*v**2 - 4*v**h + v**3. What is f(-3)?
3
Let i(b) = -4*b. Let k(h) = -2*h. Let s(n) = 4*i(n) - 10*k(n). Determine s(5).
20
Let i(t) be the third derivative of -t**6/120 - t**5/30 + t**4/24 + t**3/2 + 25*t**2. Determine i(-3).
9
Let n(w) be the first derivative of w**5/20 - w**4/12 + w**3/6 + 3*w**2/2 - 4*w + 1. Let b(x) be the first derivative of n(x). Determine b(0).
3
Let g(q) = -7*q. Let t(o) = -o + 1. Let d(j) = g(j) - t(j). Give d(1).
-7
Suppose 5*h - a - 16 - 11 = 0, a - 27 = -4*h. Suppose -h = 3*d, -5*u + d - 5*d = 23. Let k = u + 8. Let m(w) = w - 8. Give m(k).
-3
Let f(h) be the second derivative of -h**4/12 + h**3 - h**2/2 - 11*h. Determine f(5).
4
Suppose 3*r = 0, -25 = -5*i - 0*r - 4*r. Suppose 2*f + 24 = -3*c + i*f, -5*c = -f + 20. Let x = -1 - c. Let u(g) = 2*g + 1. What is u(x)?
5
Suppose -4*b + 11 - 1 = -2*s, -3*s - 3 = 0. Let v(k) = -k**b - k**2 - 4 - 4*k + k**2. Determine v(-5).
-9
Let d(o) = -2*o + 4. Suppose 0 = 5*q - 3*u - 9, 5*q = 5*u + 3 + 12. Suppose q = j + l - 0*l + 8, -4*j - 5 = -5*l. Determine d(j).
14
Let r(g) = -4*g - 2. Let s be (-3 + 1)*5/(-10). Suppose -m - 2*q + s = 0, 0 = -q - 2 + 1. Let i = m + -5. Determine r(i).
6
Let z(b) be the third derivative of b**4/12 + b**3/6 + 2*b**2. Suppose 12 = m + 2*m. Suppose 0 = -4*s - 12 - m. Calculate z(s).
-7
Let c(p) = -p + 4. Let v be c(6). Let q(k) = k**3 - 4*k**2 - 1 + 2*k**2 - 2*k**3. Determine q(v).
-1
Let d = 9 + -6. Let a(t) = -t - 4. Give a(d).
-7
Let d(v) = v - 3 - 11 + 15 - 8. What is d(7)?
0
Let l(r) = -8*r**2 + 1. Let n be (29/87)/((-2)/(-6) + 0). Determine l(n).
-7
Let p(c) = c**3 - 4*c**2 - 4*c - 3. Suppose 2*z - 3*z - 2*o = -11, -1 = z - 2*o. What is p(z)?
2
Let d(z) = -z**2 - 6*z - 1. Suppose -m + 2 - 8 = 0. Let w be (-28)/6 - m/(-18). Give d(w).
4
Let c = -1 - -6. Suppose o = c*b - 10, -6 - 13 = -2*o - 3*b. Let w(t) = 2*t - 7. Determine w(o).
3
Let r(k) = k + 2. Let g(q) = -q**2 + q + 4. Let n be g(-3). Let l = -5 - n. Determine r(l).
5
Let r(f) be the second derivative of -f**3/6 - 3*f. Let p(j) = j**2 - 7*j + 4. Let x be p(7). Suppose -3*n + x*c + 15 = 0, 4*c = -n + 3*n - 10. Give r(n).
-5
Suppose -32 = 4*v - 40. Let k(u) = 2*u**3 - 2*u**2 - u + 1. What is k(v)?
7
Let z be 2/((2/(-7))/1). Let v(k) = -k - 11. What is v(z)?
-4
Let l(y) = -4*y**2 - 2*y - 1. Suppose -13 = -3*i - 4*c, -c + 10 - 4 = -2*i. Determine l(i).
-3
Suppose 7*y - 23 = 3*x + 2*y, 0 = 3*y - 12. Let j = -1 + x. Let v(o) = o**2 - 1. Determine v(j).
3
Let t(h) = h**3 + 151*h**2 + h**3 + 3*h + 2 - 149*h**2. Determine t(-2).
-12
Let h(p) = -p - 2. Let b(l) = 4*l + 7. Let m(k) = -2*b(k) - 7*h(k). Let v be 3/(6/(-4)) - -8. Let a be v - 0/(-1)*-1. What is m(a)?
-6
Let p(n) = 152*n**2 - 80*n**2 - n**3 - 73*n**2 + 26. Give p(0).
26
Let q be 12/20*(4 + 1). Let b(k) = -2 + 6*k**3 - 4*k**3 + q*k**2 + k - k**3 + 0*k. Determine b(-2).
0
Suppose l - 1 = -5*t, -3*t + 4*t + 3*l - 3 = 0. Let p(u) = -u**2 - 3*u**3 + 2*u**3 - 5 - 1 + 1 + 4. Calculate p(t).
-1
Let m(h) = 7 - 8*h**2 + 2 + 3*h**2 + 4*h**2. Determine m(0).
9
Let a(k) = k**2 - 2*k + 7. Let c = 11 - 6. Give a(c).
22
Let i(p) = p**3 + 6*p**2 + 5*p - 6. Let n be (5 + -4 + 4)/(-1). Give i(n).
-6
Suppose -5*i + 1 - 6 = 0. Let k(w) = -2*w - 10. Let s(n) = -1. Let d(o) = k(o) - 10*s(o). Determine d(i).
2
Let i(d) = 12*d - 2*d - 4*d. Suppose -m - m - 2 = 0. Give i(m).
-6
Suppose -12 + 6 = -3*h. Let m(q) = 2*q**2 - 2*q + 3. Determine m(h).
7
Suppose y - 6 = -2*y, n - 2*y = 0. Let h(r) = r**2 - 1. What is h(n)?
15
Suppose w = 2*v + 10, -v - 2*w - 3*w = 27. Let c = v + 10. Suppose -c*t - 3 = 15. Let s(k) = k**3 + 7*k**2 + 4*k - 6. Give s(t).
6
Let g(o) = -o. Let l(d) = 24*d - 2. Let s(i) = 44*g(i) + 2*l(i). Let r be (-3*1)/(1/(-1)). What is s(r)?
8
Let s be (-36)/16 - -2 - 18/(-8). Let n(h) = -2*h**3 + 2*h**2 - h + 2*h + 2*h - 3. Calculate n(s).
-5
Let u(r) = -r**2 - 10*r + 17. Let y be u(-11). Let s(t) = t - 1. Let h(p) = 4*p + p**2 - 2*p**2 + 8 + 0. Let c(n) = h(n) + 2*s(n). Calculate c(y).
6
Let o(k) = -k + 5. Let g(m) = m - 5. Let i(q) = 5*g(q) + 4*o(q). Determine i(4).
-1
Let n(w) = -w**3 - 10*w**2 + 11*w + 3. Let b be n(-11). Let c be b/9*(0 - 15). Let j(r) = r**2 + 8*r + 7. Give j(c).
-8
Let q = -4 + 14. Let y be (12/q)/(8/20). Let a(r) = y + 7*r - r**3 - 9 + 2*r**3 - 5*r**2. What is a(4)?
6
Suppose 0 - 5 = -m. Suppose 0*j - m*c + 5 = 3*j, -5*j = -3*c + 3. Let k(x) = -1 - 5*x + 3*x + j*x. Determine k(-3).
5
Let b = -22 - -17. Let y(i) = i**2 + 4*i + 2. Calculate y(b).
7
Let r(x) = -4*x**3 + 6 - 6*x**2 + 5*x**3 + 4*x + 0*x. Let l = -6 + 3. Let o = l + 8. Calculate r(o).
1
Let n(g) = g**2 + g - 4. Suppose 35 = -5*j + 4*r + 11, 0 = -4*j - 2*r - 14. Determine n(j).
8
Let o(x) = 9 - 3 + 3 + x. Suppose -f = -0 - 1. Suppose 11 = -3*m - f. Calculate o(m).
5
Let m(h) = 2*h + 5. Let y(b) = -b - 1. Let q(v) = m(v) + 4*y(v). Determine q(-1).
3
Let m(r) = -r**2 - 4*r - 6. Let n(a) be the first derivative of a**2 + 2*a - 2. Let h be n(-3). Determine m(h).
-6
Let y be (-1)/(-3) - 144/(-54). Let t(o) = o**3 - 3*o**2 + 2*o + 1. What is t(y)?
7
Let i(p) be the second derivative of p**4/12 - 2*p**3/3 - 2*p**2 + 2*p. Suppose 76 = 15*m + 16. Determine i(m).
-4
Let d = 8 + -5. Suppose 4*f + 4*s = 12, d*f + 5*s + 0 = 3. Let g(b) = 2*b - 8. Give g(f).
4
Let x(q) = 4*q + 6*q - 9*q + 8. Determine x(-6).
2
Let g(u) be the third derivative of 1/24*u**4 - 1/3*u**3 + 2*u**2 + 0*u + 0. Calculate g(4).
2
Let u be -2*(-2)/(-12)*-15. Let r(k) = -k**2 + 6*k + 2. Calculate r(u).
7
Let w be (4/(-6))/((-34)/51). Let f(b) = -4*b - 1. What is f(w)?
-5
Let f(n) be the second derivative of n**4/12 - n**3/2 - n**2/2 - 2*n. Let j be (-130)/(-25) + 18/(-15). Determine f(j).
3
Let i(b) = b - 2. Suppose -19 - 22 = -5*g - 3*j, -3*g + 31 = 5*j. What is i(g)?
5
Let l(t) = -12*t**3 + 2*t + 1. Let n(h) = -3*h + 5. Let x be n(2). Determine l(x).
11
Let n(w) = -16*w - 1. Suppose 8 = -4*b - 2*c, 3*c - c + 1 = 3*b. Calculate n(b).
15
Suppose 3*q - 4*r + 10 = -0*r, 5*q - 4*r + 14 = 0. Let f(i) be the third derivative of -i**2 + 1/2*i**3 + 0*i + 1/6*i**4 + 0. Calculate f(q).
-5
Let w(t) = -t - 3. Let o be w(-2). Let g(n) = 4*n + 19 - 12 - 8. Determine g(o).
-5
Let y = 4 + 1. Let v = 1 - -3. Let g(t) = -t**3 + 6*t**2 - 1 + 3*t**3 - 3*t + t**3 - v*t**3. Calculate g(y).
9
Let z(c) be the first derivative of -1/3*c**3 + 5/2*c**2 - 2 - 6*c. What is z(5)?
-6
Let t(a) = a**2 - 2. Let j(u) = -1. Let m(d) = -2*j(d) + t(d). Suppose -5*h = -4 - 1. Let n be 0/(h*(2 + -1)). Determine m(n).
0
Let p(d) = -11*d - 4. Let q(o) = -11*o - 5. Let i(k) = 5*p(k) - 4*q(k). Let l(r) = 2*r - 12 + 12 - 4*r. Let s(j) = -6*i(j) + 34*l(j). Calculate s(3).
-6
Let p be (9 - 3)/(2 - 0). Suppose 2*z - 5 = y, -2*y + p*y + z = 1. Let v(h) = -7*h + 5. Let f(j) = 7*j - 4. Let m(n) = 4*f(n) + 3*v(n). Calculate m(y).
-8
Let j = -17 - -25. Suppose 3*x + 27 = -3*w - 6, 0 = 3*w + 5*x + 43. Let g be w/(-10) - j/(-20). Let b(m) = -9*m**2. What is b(g)?
-9
Suppose 2*m + 6 = 4*m. Let n(z) = -2*z**2 + 2*z + 2.